ousands digit of 31959?
1
What is the thousands digit of 1162?
1
What is the units digit of 7937?
7
What is the hundreds digit of 136?
1
What is the thousands digit of 36513?
6
What is the units digit of 2597?
7
What is the hundreds digit of 1167?
1
What is the tens digit of 16591?
9
What is the units digit of 4476?
6
What is the tens digit of 646?
4
What is the thousands digit of 2164?
2
What is the ten thousands digit of 52210?
5
What is the hundreds digit of 223?
2
What is the hundreds digit of 2650?
6
What is the units digit of 27729?
9
What is the units digit of 579?
9
What is the hundreds digit of 649?
6
What is the units digit of 12775?
5
What is the tens digit of 945?
4
What is the tens digit of 24917?
1
What is the thousands digit of 25917?
5
What is the units digit of 95503?
3
What is the tens digit of 883?
8
What is the hundreds digit of 1523?
5
What is the units digit of 409?
9
What is the units digit of 3?
3
What is the thousands digit of 39914?
9
What is the tens digit of 139?
3
What is the thousands digit of 1526?
1
What is the thousands digit of 17971?
7
What is the units digit of 657?
7
What is the units digit of 8614?
4
What is the hundred thousands digit of 105419?
1
What is the units digit of 254?
4
What is the thousands digit of 153494?
3
What is the tens digit of 1720?
2
What is the ten thousands digit of 28557?
2
What is the tens digit of 17081?
8
What is the units digit of 3367?
7
What is the tens digit of 14876?
7
What is the tens digit of 11086?
8
What is the thousands digit of 144757?
4
What is the units digit of 17476?
6
What is the thousands digit of 13600?
3
What is the units digit of 906?
6
What is the hundreds digit of 6225?
2
What is the tens digit of 1422?
2
What is the tens digit of 7129?
2
What is the thousands digit of 8325?
8
What is the thousands digit of 3549?
3
What is the thousands digit of 35072?
5
What is the hundreds digit of 17808?
8
What is the tens digit of 2189?
8
What is the units digit of 586?
6
What is the thousands digit of 132434?
2
What is the units digit of 1693?
3
What is the thousands digit of 4589?
4
What is the tens digit of 4833?
3
What is the hundreds digit of 6712?
7
What is the tens digit of 5371?
7
What is the units digit of 252?
2
What is the tens digit of 1806?
0
What is the thousands digit of 1474?
1
What is the hundreds digit of 1109?
1
What is the units digit of 97?
7
What is the tens digit of 4685?
8
What is the tens digit of 1275?
7
What is the hundreds digit of 561?
5
What is the hundreds digit of 82792?
7
What is the units digit of 27555?
5
What is the hundreds digit of 48541?
5
What is the thousands digit of 8487?
8
What is the tens digit of 1024?
2
What is the units digit of 9389?
9
What is the hundreds digit of 25384?
3
What is the tens digit of 7555?
5
What is the tens digit of 3334?
3
What is the hundreds digit of 38740?
7
What is the thousands digit of 2645?
2
What is the tens digit of 2409?
0
What is the hundreds digit of 28776?
7
What is the thousands digit of 3864?
3
What is the tens digit of 2392?
9
What is the ten thousands digit of 53699?
5
What is the units digit of 4283?
3
What is the hundreds digit of 266?
2
What is the tens digit of 27955?
5
What is the tens digit of 3114?
1
What is the hundreds digit of 327?
3
What is the tens digit of 1358?
5
What is the thousands digit of 168537?
8
What is the tens digit of 4590?
9
What is the thousands digit of 40769?
0
What is the hundreds digit of 700?
7
What is the tens digit of 35972?
7
What is the units digit of 2375?
5
What is the hundreds digit of 1394?
3
What is the tens digit of 6632?
3
What is the hundreds digit of 19867?
8
What is the thousands digit of 6985?
6
What is the units digit of 46312?
2
What is the ten thousands digit of 20184?
2
What is the units digit of 111860?
0
What is the tens digit of 27896?
9
What is the tens digit of 1308?
0
What is the units digit of 630?
0
What is the units digit of 7067?
7
What is the thousands digit of 1069?
1
What is the thousands digit of 1129?
1
What is the units digit of 583?
3
What is the thousands digit of 25487?
5
What is the hundreds digit of 899?
8
What is the tens digit of 40?
4
What is the units digit of 559?
9
What is the units digit of 45971?
1
What is the units digit of 29797?
7
What is the hundreds digit of 23721?
7
What is the units digit of 39760?
0
What is the units digit of 12578?
8
What is the units digit of 9217?
7
What is the ten thousands digit of 16476?
1
What is the thousands digit of 3989?
3
What is the hundreds digit of 4833?
8
What is the hundreds digit of 52300?
3
What is the hundreds digit of 6918?
9
What is the thousands digit of 5059?
5
What is the tens digit of 648?
4
What is the tens digit of 236?
3
What is the units digit of 5266?
6
What is the units digit of 39?
9
What is the units digit of 13784?
4
What is the units digit of 41961?
1
What is the hundreds digit of 31302?
3
What is the tens digit of 5637?
3
What is the tens digit of 33609?
0
What is the hundreds digit of 730?
7
What is the hundreds digit of 58632?
6
What is the thousands digit of 10025?
0
What is the tens digit of 8293?
9
What is the hundreds digit of 3517?
5
What is the tens digit of 7488?
8
What is the units digit of 5650?
0
What is the units digit of 16909?
9
What is the tens digit of 13794?
9
What is the tens digit of 11376?
7
What is the ten thousands digit of 115653?
1
What is the tens digit of 1874?
7
What is the units digit of 6118?
8
What is the thousands digit of 21400?
1
What is the tens digit of 11908?
0
What is the thousands digit of 41249?
1
What is the thousands digit of 3641?
3
What is the thousands digit of 62553?
2
What is the units digit of 3099?
9
What is the units digit of 1065?
5
What is the thousands digit of 6224?
6
What is the hundreds digit of 3450?
4
What is the thousands digit of 121882?
1
What is the tens digit of 5332?
3
What is the tens digit of 332?
3
What is the hundreds digit of 630?
6
What is the hundreds digit of 14617?
6
What is the units digit of 2621?
1
What is the tens digit of 6010?
1
What is the hundreds digit of 9513?
5
What is the units digit of 1198?
8
What is the tens digit of 19981?
8
What is the units digit of 1313?
3
What is the tens digit of 8690?
9
What is the hundreds digit of 5453?
4
What is the thousands digit of 2895?
2
What is the units digit of 959?
9
What is the hundreds digit of 32662?
6
What is the hundreds digit of 3462?
4
What is the tens digit of 1955?
5
What is the tens digit of 8283?
8
What is the units digit of 19411?
1
What is the tens digit of 1078?
7
What is the hundreds digit of 4464?
4
What is the tens digit of 19556?
5
What is the thousands digit of 2916?
2
What is the units digit of 1672?
2
What is the hundreds digit of 272?
2
What is the tens digit of 4087?
8
What is the tens digit of 30179?
7
What is the tens digit of 26365?
6
What is the hundreds digit of 133292?
2
What is the tens digit of 28?
2
What is the ten thousands digit of 24781?
2
What is the tens digit of 301?
0
What is the units digit of 853?
3
What is the thousands digit of 20346?
0
What is the units digit of 5620?
0
What is the tens digit of 21174?
7
What is the hundreds digit of 89114?
1
What is the hundreds digit of 5418?
4
What is the hundreds digit of 5871?
8
What is the thousands digit of 1000?
1
What is the thousands digit of 5211?
5
What is the thousands digit of 2735?
2
What is the tens digit of 37047?
4
What is the hundreds digit of 37690?
6
What is the tens digit of 5077?
7
What is the tens digit of 2098?
9
What is the hundreds digit of 26853?
8
What is the tens digit of 11527?
2
What is the tens digit of 10293?
9
What is the tens digit of 60?
6
What is the hundreds digit of 7324?
3
What is the ten thousands digit of 18638?
1
What is the tens digit of 1408?
0
What is the units digit of 2905?
5
What is the tens digit of 112186?
8
What is the thousands digit of 4456?
4
What is the thousands digit of 2053?
2
What is the units digit of 36054?
4
What is the hundreds digit of 1738?
7
What is the hundreds digit of 30712?
7
What is the hundreds digit of 14225?
2
What is the tens digit of 5432?
3
What is the hundreds digit of 3339?
3
What is the ten thousands digit of 39541?
3
What is the hundreds digit of 3839?
8
What is t